{"id":15264,"date":"2025-05-05T23:11:57","date_gmt":"2025-05-05T21:11:57","guid":{"rendered":"https:\/\/www.elawan.com\/?post_type=instalacion&#038;p=15264"},"modified":"2025-05-28T19:04:06","modified_gmt":"2025-05-28T17:04:06","slug":"fuente-alamo","status":"publish","type":"instalacion","link":"https:\/\/www.elawan.com\/de\/noticias\/instalacion\/fuente-alamo\/","title":{"rendered":"Fuente \u00c1lamo"},"content":{"rendered":"<p>Windpark mit zehn Turbinen und einer Kapazit\u00e4t von 50 MW, gelegen in der Provinz Albacete (Spanien), mit einer gesch\u00e4tzten Jahresproduktion von 101\u2013105 GWh (2024).<\/p>\n","protected":false},"featured_media":13607,"template":"","tipo-instalacion":[98],"pais":[123],"class_list":["post-15264","instalacion","type-instalacion","status-publish","has-post-thumbnail","hentry","tipo-instalacion-solarkraftwerk","pais-spanien","description-off"],"acf":[],"_links":{"self":[{"href":"https:\/\/www.elawan.com\/de\/wp-json\/wp\/v2\/instalacion\/15264","targetHints":{"allow":["GET"]}}],"collection":[{"href":"https:\/\/www.elawan.com\/de\/wp-json\/wp\/v2\/instalacion"}],"about":[{"href":"https:\/\/www.elawan.com\/de\/wp-json\/wp\/v2\/types\/instalacion"}],"wp:featuredmedia":[{"embeddable":true,"href":"https:\/\/www.elawan.com\/de\/wp-json\/wp\/v2\/media\/13607"}],"wp:attachment":[{"href":"https:\/\/www.elawan.com\/de\/wp-json\/wp\/v2\/media?parent=15264"}],"wp:term":[{"taxonomy":"tipo-instalacion","embeddable":true,"href":"https:\/\/www.elawan.com\/de\/wp-json\/wp\/v2\/tipo-instalacion?post=15264"},{"taxonomy":"pais","embeddable":true,"href":"https:\/\/www.elawan.com\/de\/wp-json\/wp\/v2\/pais?post=15264"}],"curies":[{"name":"wp","href":"https:\/\/api.w.org\/{rel}","templated":true}]}}

Fuente Álamo

<p>Windpark mit zehn Turbinen und einer Kapazität von 50 MW, gelegen in der Provinz Albacete (Spanien), mit einer geschätzten Jahresproduktion von 101–105 GWh (2024).</p>
